y and 104?
13
Suppose -h + 2*w = 4*h - 62, -25 = -2*h + w. What is the highest common factor of h and 60?
12
Let j be 1*7/((-35)/(-50)). Calculate the greatest common factor of 20 and j.
10
Suppose -5*g = 3*a - 2*a - 74, -g = -4*a + 254. Suppose 0 = -6*c - 4*c + 160. Calculate the greatest common factor of a and c.
16
Let i = 22 + 42. Calculate the highest common divisor of i and 160.
32
Let v(g) = 2*g + 10. Let o be v(5). What is the greatest common divisor of o and 160?
20
Let u be -8*(3/(-2) - 1). Let c = 362 + -332. What is the greatest common factor of u and c?
10
Let d(x) = x**2 - x - 3. Let z be d(-3). Let c(a) = -7*a**2 - 19*a**3 - 12*a + 18*a**3 + 3*a. Let l be c(-6). Calculate the greatest common factor of z and l.
9
Let l = -30 + 53. Suppose 5*i + l = -7. Let x be (20/i)/((-1)/9). Calculate the greatest common divisor of x and 6.
6
Let p(t) = t**3 + 22*t**2 + 32*t + 25. Let v be p(-20). What is the greatest common factor of v and 74?
37
Let c(b) = -b - 5. Let j be c(-8). Suppose 0 = 4*v + j*z - 19, 0*v + 3*z - 15 = -3*v. Suppose -3*t - v = -43. What is the greatest common factor of t and 13?
13
Let g = 9 + -5. Let u(d) = 12*d - 3. Let r be u(g). Calculate the highest common divisor of r and 5.
5
Let r(k) = k**3 - 3*k**2 - 5*k - 5. Let i be r(5). Calculate the greatest common factor of i and 40.
20
Let s = 1 + 11. Suppose -4 = t + s. Let y = t + 104. Calculate the greatest common divisor of y and 8.
8
Suppose 0 = -2*i + 5 + 5. Suppose 4*w + 297 = 4*u + 7*w, u - i*w = 103. Let f be (-1 + u/15)*25. What is the greatest common divisor of f and 15?
15
Suppose -43*s + 44*s = 19. Calculate the highest common divisor of 133 and s.
19
Let x be (5 - 1) + (1 - 2). Let l be (4/(-20) + 1)*15. Suppose 3*g - 4*g = -l. Calculate the greatest common factor of x and g.
3
Suppose m = 7*m - 36. Calculate the highest common divisor of m and 15.
3
Let f(v) = v**2 + 2*v - 3. Let x be f(2). Let g = x + 7. Calculate the highest common divisor of g and 3.
3
Let l be -2 + (-1 - 2/(-3))*-51. Calculate the greatest common divisor of 195 and l.
15
Let r(p) = 15*p**3. Let c be r(1). Suppose -7*s + 33 = 4*s. What is the highest common divisor of c and s?
3
Suppose 0 = -k + 28 + 7. Suppose 43 = 3*h - k. What is the highest common factor of h and 130?
26
Suppose 0 = f - 5*t - 23, -5*t - 31 = -2*f - 5. Let i be 88/f + (-6)/(-9). Calculate the highest common factor of i and 45.
15
Suppose 5*v - v - 80 = 0. What is the greatest common divisor of v and 10?
10
Let n be (-86)/(-6) - 2/(-3). Suppose g = -v + 8 + 5, 3*g - 61 = -5*v. Suppose -4 = -t + v. Calculate the highest common divisor of t and n.
15
Suppose 1 = -10*t + 9*t. Let h(d) = -11*d**3 + d + 1 - d. Let c be h(t). What is the greatest common divisor of 60 and c?
12
Let d be 170*(15/6)/5. Suppose 0 = -3*t + 86 + 31. Let o = -22 + t. Calculate the highest common divisor of o and d.
17
Let p(x) = x + 3. Let b be p(2). Suppose -6*s - 2*v + 90 = -2*s, 4*v - 114 = -b*s. What is the greatest common divisor of 66 and s?
22
Let n = 49 + -28. What is the highest common factor of n and 189?
21
Let u be ((-5)/(-2))/((-2)/(-4)). Let h(y) = -u*y**2 + y + 2*y + y**3 + y**3. Let i be h(3). Calculate the greatest common divisor of 9 and i.
9
Let z(k) = 0*k - 9*k + k + 2. Let j be z(-1). What is the greatest common divisor of 40 and j?
10
Let v be 84/63 - (-956)/3. Calculate the highest common divisor of 40 and v.
40
Let k(s) = 2*s**2 + 7*s - 3. Let o be k(-6). What is the greatest common factor of 18 and o?
9
Let f(r) = 5*r**2 - 4*r - 7. Let k be f(3). Calculate the highest common factor of k and 39.
13
Let k = -162 + 277. What is the greatest common divisor of 46 and k?
23
Suppose y = -z + 10, 4*y - 2*z = 2*y. Suppose -42 = -y*t + 2*t. Let p = -35 - -70. What is the highest common divisor of p and t?
7
Let i(g) = -1 + 15*g - 7*g - 1 + 13*g. Let s be i(2). What is the greatest common divisor of s and 60?
20
Let y be 4/(-8)*(-8)/1. Suppose -4*o + o = -6. Let c = 10 - o. What is the highest common factor of c and y?
4
Let y be 1/((-2 + 3)/44). Let g(b) = 3*b + 4. Let m be g(6). What is the greatest common divisor of y and m?
22
Suppose 3*o = c - 0 + 2, o - 14 = -3*c. Let u = 11 - 1. Suppose 0*i + o*i - u = 0. What is the highest common factor of i and 15?
5
Let u be (-15)/(-3) + (3 - 3). Suppose 0*l + u*l - 35 = 0. What is the highest common divisor of 1 and l?
1
Suppose 0 = -f, -5*j + 2*f - 5*f + 935 = 0. Suppose 0*b - 17 = -b. What is the highest common factor of j and b?
17
Let c = 11 + -2. Let z(h) be the third derivative of 13*h**5/30 - h**4/12 - h**3/6 + 3*h**2. Let d be z(-1). What is the greatest common factor of d and c?
9
Let z = -79 - -148. Let t = -33 + z. What is the greatest common factor of t and 9?
9
Suppose 0 = -4*z + k + 43, -12 - 3 = -3*k. Let l = 27 + -15. Calculate the greatest common factor of z and l.
12
Suppose 4*s - 1295 = 5*j, 10*s + 2*j - 1330 = 6*s. Suppose 0 = 3*k - 2*k - 30. Calculate the greatest common factor of k and s.
30
Suppose 4*k - 100 = 124. Calculate the highest common factor of k and 7.
7
Suppose -3*y + 168 = -36. Calculate the greatest common divisor of 17 and y.
17
Suppose 0 = -h + 13 - 8. What is the highest common divisor of 25 and h?
5
Let b be 3 + (0/(-1) - -189). Suppose -4*y + 144 = -b. Calculate the greatest common divisor of 21 and y.
21
Suppose 15 = 5*p, 4*p - 38 = -3*n + n. Let q = -4 + n. Calculate the highest common divisor of 99 and q.
9
Let s = 16 + -16. Suppose s = -b + 4, -5*k + b + 37 = -79. Calculate the highest common divisor of k and 16.
8
Let z(x) = x - 1. Let a be z(3). Let n be a*(4 + -3) + 2. Let s = n - -2. Calculate the highest common divisor of 2 and s.
2
Let u be 24/(((-9)/(-6))/1). Let b = -6 - -10. What is the greatest common factor of u and b?
4
Let l = 18 - -42. Calculate the highest common divisor of 12 and l.
12
Let h be (-4)/10 - 57/(-5). Suppose 80 + 8 = 2*k. Calculate the greatest common factor of k and h.
11
Suppose -x - 5*o = -33, 0*o = -2*x + 4*o + 24. Let l = 20 + 7. What is the greatest common divisor of l and x?
9
Let c = -5 + 8. Suppose -4*g = -3*h + 11, 3*g - h - c*h = -10. Let s(n) = -6*n + 1. Let d be s(g). What is the highest common divisor of 91 and d?
13
Let y = -4 + 6. Let q(c) = y + 0 - 7*c + 3. Let u be q(-5). Calculate the highest common factor of u and 5.
5
Let r be 3 - -3*2/3. Let c(o) = o**2 - 2*o - 6. Let h be c(r). Calculate the highest common factor of 36 and h.
9
Let w = -105 + 189. Let b = 348 - 336. Calculate the highest common factor of w and b.
12
Suppose 3 = m + 2*i, 21 = -2*m - 3*m - i. Let o(a) = -9*a - 3. Let t be o(m). What is the highest common divisor of 28 and t?
14
Let v(k) = k**2 - 2*k - 5. Let g be v(5). What is the highest common factor of 110 and g?
10
Let n = 351 + -207. What is the highest common factor of 9 and n?
9
Let g = 556 - 387. Let b = g - 114. Calculate the highest common factor of b and 22.
11
Let v(o) = o + 4. Let a be v(16). Calculate the greatest common factor of a and 50.
10
Let f be ((-3)/2)/((-21)/308). Calculate the highest common factor of f and 11.
11
Let c = 17 - 14. Let s be (-4)/10 + 6/15. Let a = s - -3. Calculate the greatest common divisor of a and c.
3
Let s be -2 - (-6 - 2) - 2. Calculate the greatest common factor of 10 and s.
2
Let g(l) = 2*l**3 + 2. Let d be g(2). Let k(a) = -3*a**3 + 4*a + 3. Let t be k(-3). What is the highest common factor of d and t?
18
Suppose 2*z = 11 + 11. Let x be (-10)/(-35) + (-556)/(-14). Let u = 48 + x. What is the greatest common divisor of u and z?
11
Suppose 2*v = k + 50, 0 = -5*v - 3*k + 92 + 11. What is the greatest common factor of 253 and v?
23
Let g(m) = 9*m. Let p be g(1). Suppose -116 + 25 = -s. Let t = s - -8. Calculate the greatest common divisor of p and t.
9
Let n(i) = i**3 - 2*i**2 - 6*i + 2. Let g be n(4). Let k be -192 + 2/(-2 + 1). Let v = 274 + k. What is the highest common factor of g and v?
10
Suppose 6*c + c - 133 = 0. Let w = -24 + 43. Calculate the greatest common factor of c and w.
19
Let t be (-31)/(-4) - (-2)/8. Let a = -9 - -4. Let i = a + 6. Calculate the greatest common divisor of t and i.
1
Let x = 30 + -8. Suppose 5*l = -25, -4*n = n + 3*l - 425. What is the greatest common factor of n and x?
22
Let m = -31 - -44. L